{"id":4569,"date":"2025-04-01T14:37:59","date_gmt":"2025-04-01T14:37:59","guid":{"rendered":"https:\/\/eurosegur.cat\/faqs\/que-ocurre-si-sufro-una-baja-laboral-y-tengo-un-seguro-para-autonomos\/"},"modified":"2025-04-01T14:37:59","modified_gmt":"2025-04-01T14:37:59","slug":"que-ocurre-si-sufro-una-baja-laboral-y-tengo-un-seguro-para-autonomos","status":"publish","type":"avada_faq","link":"https:\/\/eurosegur.cat\/es\/faqs\/que-ocurre-si-sufro-una-baja-laboral-y-tengo-un-seguro-para-autonomos\/","title":{"rendered":"\u00bfQu\u00e9 ocurre si sufro una baja laboral y tengo un seguro para aut\u00f3nomos?"},"content":{"rendered":"<p>Si sufres una baja laboral, tu seguro te proporcionar\u00e1 una indemnizaci\u00f3n por garantizar tus ingresos mientras no puedas trabajar.<\/p>\n","protected":false},"excerpt":{"rendered":"<p>Si sufres una baja laboral, tu seguro te proporcionar\u00e1 una  [&#8230;]<\/p>\n","protected":false},"author":1,"featured_media":0,"menu_order":0,"comment_status":"open","ping_status":"closed","template":"","format":"standard","meta":{"_acf_changed":false,"footnotes":""},"faq_category":[],"class_list":["post-4569","avada_faq","type-avada_faq","status-publish","format-standard","hentry"],"acf":[],"yoast_head":"<!-- This site is optimized with the Yoast SEO plugin v25.3 - https:\/\/yoast.com\/wordpress\/plugins\/seo\/ -->\n<title>\u00bfQu\u00e9 ocurre si sufro una baja laboral y tengo un seguro para aut\u00f3nomos? - Eurosegur<\/title>\n<meta name=\"robots\" content=\"index, follow, max-snippet:-1, max-image-preview:large, max-video-preview:-1\" \/>\n<link rel=\"canonical\" href=\"https:\/\/eurosegur.cat\/es\/faqs\/que-ocurre-si-sufro-una-baja-laboral-y-tengo-un-seguro-para-autonomos\/\" \/>\n<meta property=\"og:locale\" content=\"es_ES\" \/>\n<meta property=\"og:type\" content=\"article\" \/>\n<meta property=\"og:title\" content=\"\u00bfQu\u00e9 ocurre si sufro una baja laboral y tengo un seguro para aut\u00f3nomos? - Eurosegur\" \/>\n<meta property=\"og:description\" content=\"Si sufres una baja laboral, tu seguro te proporcionar\u00e1 una [...]\" \/>\n<meta property=\"og:url\" content=\"https:\/\/eurosegur.cat\/es\/faqs\/que-ocurre-si-sufro-una-baja-laboral-y-tengo-un-seguro-para-autonomos\/\" \/>\n<meta property=\"og:site_name\" content=\"Eurosegur\" \/>\n<meta name=\"twitter:card\" content=\"summary_large_image\" \/>\n<script type=\"application\/ld+json\" class=\"yoast-schema-graph\">{\"@context\":\"https:\/\/schema.org\",\"@graph\":[{\"@type\":\"WebPage\",\"@id\":\"https:\/\/eurosegur.cat\/es\/faqs\/que-ocurre-si-sufro-una-baja-laboral-y-tengo-un-seguro-para-autonomos\/\",\"url\":\"https:\/\/eurosegur.cat\/es\/faqs\/que-ocurre-si-sufro-una-baja-laboral-y-tengo-un-seguro-para-autonomos\/\",\"name\":\"\u00bfQu\u00e9 ocurre si sufro una baja laboral y tengo un seguro para aut\u00f3nomos? - Eurosegur\",\"isPartOf\":{\"@id\":\"https:\/\/eurosegur.cat\/es\/#website\"},\"datePublished\":\"2025-04-01T14:37:59+00:00\",\"breadcrumb\":{\"@id\":\"https:\/\/eurosegur.cat\/es\/faqs\/que-ocurre-si-sufro-una-baja-laboral-y-tengo-un-seguro-para-autonomos\/#breadcrumb\"},\"inLanguage\":\"es\",\"potentialAction\":[{\"@type\":\"ReadAction\",\"target\":[\"https:\/\/eurosegur.cat\/es\/faqs\/que-ocurre-si-sufro-una-baja-laboral-y-tengo-un-seguro-para-autonomos\/\"]}]},{\"@type\":\"BreadcrumbList\",\"@id\":\"https:\/\/eurosegur.cat\/es\/faqs\/que-ocurre-si-sufro-una-baja-laboral-y-tengo-un-seguro-para-autonomos\/#breadcrumb\",\"itemListElement\":[{\"@type\":\"ListItem\",\"position\":1,\"name\":\"Inici\",\"item\":\"https:\/\/eurosegur.cat\/es\/eurosegur-gestion-inmobiliaria-y-seguros\/\"},{\"@type\":\"ListItem\",\"position\":2,\"name\":\"FAQs\",\"item\":\"https:\/\/eurosegur.cat\/es\/faqs\/\"},{\"@type\":\"ListItem\",\"position\":3,\"name\":\"\u00bfQu\u00e9 ocurre si sufro una baja laboral y tengo un seguro para aut\u00f3nomos?\"}]},{\"@type\":\"WebSite\",\"@id\":\"https:\/\/eurosegur.cat\/es\/#website\",\"url\":\"https:\/\/eurosegur.cat\/es\/\",\"name\":\"Eurosegur\",\"description\":\"Asessorament inmobiliari personalitzat\",\"potentialAction\":[{\"@type\":\"SearchAction\",\"target\":{\"@type\":\"EntryPoint\",\"urlTemplate\":\"https:\/\/eurosegur.cat\/es\/?s={search_term_string}\"},\"query-input\":{\"@type\":\"PropertyValueSpecification\",\"valueRequired\":true,\"valueName\":\"search_term_string\"}}],\"inLanguage\":\"es\"}]}<\/script>\n<!-- \/ Yoast SEO plugin. -->","yoast_head_json":{"title":"\u00bfQu\u00e9 ocurre si sufro una baja laboral y tengo un seguro para aut\u00f3nomos? - Eurosegur","robots":{"index":"index","follow":"follow","max-snippet":"max-snippet:-1","max-image-preview":"max-image-preview:large","max-video-preview":"max-video-preview:-1"},"canonical":"https:\/\/eurosegur.cat\/es\/faqs\/que-ocurre-si-sufro-una-baja-laboral-y-tengo-un-seguro-para-autonomos\/","og_locale":"es_ES","og_type":"article","og_title":"\u00bfQu\u00e9 ocurre si sufro una baja laboral y tengo un seguro para aut\u00f3nomos? - Eurosegur","og_description":"Si sufres una baja laboral, tu seguro te proporcionar\u00e1 una [...]","og_url":"https:\/\/eurosegur.cat\/es\/faqs\/que-ocurre-si-sufro-una-baja-laboral-y-tengo-un-seguro-para-autonomos\/","og_site_name":"Eurosegur","twitter_card":"summary_large_image","schema":{"@context":"https:\/\/schema.org","@graph":[{"@type":"WebPage","@id":"https:\/\/eurosegur.cat\/es\/faqs\/que-ocurre-si-sufro-una-baja-laboral-y-tengo-un-seguro-para-autonomos\/","url":"https:\/\/eurosegur.cat\/es\/faqs\/que-ocurre-si-sufro-una-baja-laboral-y-tengo-un-seguro-para-autonomos\/","name":"\u00bfQu\u00e9 ocurre si sufro una baja laboral y tengo un seguro para aut\u00f3nomos? - Eurosegur","isPartOf":{"@id":"https:\/\/eurosegur.cat\/es\/#website"},"datePublished":"2025-04-01T14:37:59+00:00","breadcrumb":{"@id":"https:\/\/eurosegur.cat\/es\/faqs\/que-ocurre-si-sufro-una-baja-laboral-y-tengo-un-seguro-para-autonomos\/#breadcrumb"},"inLanguage":"es","potentialAction":[{"@type":"ReadAction","target":["https:\/\/eurosegur.cat\/es\/faqs\/que-ocurre-si-sufro-una-baja-laboral-y-tengo-un-seguro-para-autonomos\/"]}]},{"@type":"BreadcrumbList","@id":"https:\/\/eurosegur.cat\/es\/faqs\/que-ocurre-si-sufro-una-baja-laboral-y-tengo-un-seguro-para-autonomos\/#breadcrumb","itemListElement":[{"@type":"ListItem","position":1,"name":"Inici","item":"https:\/\/eurosegur.cat\/es\/eurosegur-gestion-inmobiliaria-y-seguros\/"},{"@type":"ListItem","position":2,"name":"FAQs","item":"https:\/\/eurosegur.cat\/es\/faqs\/"},{"@type":"ListItem","position":3,"name":"\u00bfQu\u00e9 ocurre si sufro una baja laboral y tengo un seguro para aut\u00f3nomos?"}]},{"@type":"WebSite","@id":"https:\/\/eurosegur.cat\/es\/#website","url":"https:\/\/eurosegur.cat\/es\/","name":"Eurosegur","description":"Asessorament inmobiliari personalitzat","potentialAction":[{"@type":"SearchAction","target":{"@type":"EntryPoint","urlTemplate":"https:\/\/eurosegur.cat\/es\/?s={search_term_string}"},"query-input":{"@type":"PropertyValueSpecification","valueRequired":true,"valueName":"search_term_string"}}],"inLanguage":"es"}]}},"_links":{"self":[{"href":"https:\/\/eurosegur.cat\/es\/wp-json\/wp\/v2\/avada_faq\/4569","targetHints":{"allow":["GET"]}}],"collection":[{"href":"https:\/\/eurosegur.cat\/es\/wp-json\/wp\/v2\/avada_faq"}],"about":[{"href":"https:\/\/eurosegur.cat\/es\/wp-json\/wp\/v2\/types\/avada_faq"}],"author":[{"embeddable":true,"href":"https:\/\/eurosegur.cat\/es\/wp-json\/wp\/v2\/users\/1"}],"replies":[{"embeddable":true,"href":"https:\/\/eurosegur.cat\/es\/wp-json\/wp\/v2\/comments?post=4569"}],"version-history":[{"count":0,"href":"https:\/\/eurosegur.cat\/es\/wp-json\/wp\/v2\/avada_faq\/4569\/revisions"}],"wp:attachment":[{"href":"https:\/\/eurosegur.cat\/es\/wp-json\/wp\/v2\/media?parent=4569"}],"wp:term":[{"taxonomy":"faq_category","embeddable":true,"href":"https:\/\/eurosegur.cat\/es\/wp-json\/wp\/v2\/faq_category?post=4569"}],"curies":[{"name":"wp","href":"https:\/\/api.w.org\/{rel}","templated":true}]}}

¿Qué ocurre si sufro una baja laboral y tengo un seguro para autónomos?

<p>Si sufres una baja laboral, tu seguro te proporcionará una indemnización por garantizar tus ingresos mientras no puedas trabajar.</p>

<p>Si sufres una baja laboral, tu seguro te proporcionará una  [&#8230;]</p>

<!-- This site is optimized with the Yoast SEO plugin v25.3 - https://yoast.com/wordpress/plugins/seo/ -->
<title>¿Qué ocurre si sufro una baja laboral y tengo un seguro para autónomos? - Eurosegur</title>
<meta name="robots" content="index, follow, max-snippet:-1, max-image-preview:large, max-video-preview:-1" />
<link rel="canonical" href="https://eurosegur.cat/es/faqs/que-ocurre-si-sufro-una-baja-laboral-y-tengo-un-seguro-para-autonomos/" />
<meta property="og:locale" content="es_ES" />
<meta property="og:type" content="article" />
<meta property="og:title" content="¿Qué ocurre si sufro una baja laboral y tengo un seguro para autónomos? - Eurosegur" />
<meta property="og:description" content="Si sufres una baja laboral, tu seguro te proporcionará una [...]" />
<meta property="og:url" content="https://eurosegur.cat/es/faqs/que-ocurre-si-sufro-una-baja-laboral-y-tengo-un-seguro-para-autonomos/" />
<meta property="og:site_name" content="Eurosegur" />
<meta name="twitter:card" content="summary_large_image" />
<script type="application/ld+json" class="yoast-schema-graph">{"@context":"https://schema.org","@graph":[{"@type":"WebPage","@id":"https://eurosegur.cat/es/faqs/que-ocurre-si-sufro-una-baja-laboral-y-tengo-un-seguro-para-autonomos/","url":"https://eurosegur.cat/es/faqs/que-ocurre-si-sufro-una-baja-laboral-y-tengo-un-seguro-para-autonomos/","name":"¿Qué ocurre si sufro una baja laboral y tengo un seguro para autónomos? - Eurosegur","isPartOf":{"@id":"https://eurosegur.cat/es/#website"},"datePublished":"2025-04-01T14:37:59+00:00","breadcrumb":{"@id":"https://eurosegur.cat/es/faqs/que-ocurre-si-sufro-una-baja-laboral-y-tengo-un-seguro-para-autonomos/#breadcrumb"},"inLanguage":"es","potentialAction":[{"@type":"ReadAction","target":["https://eurosegur.cat/es/faqs/que-ocurre-si-sufro-una-baja-laboral-y-tengo-un-seguro-para-autonomos/"]}]},{"@type":"BreadcrumbList","@id":"https://eurosegur.cat/es/faqs/que-ocurre-si-sufro-una-baja-laboral-y-tengo-un-seguro-para-autonomos/#breadcrumb","itemListElement":[{"@type":"ListItem","position":1,"name":"Inici","item":"https://eurosegur.cat/es/eurosegur-gestion-inmobiliaria-y-seguros/"},{"@type":"ListItem","position":2,"name":"FAQs","item":"https://eurosegur.cat/es/faqs/"},{"@type":"ListItem","position":3,"name":"¿Qué ocurre si sufro una baja laboral y tengo un seguro para autónomos?"}]},{"@type":"WebSite","@id":"https://eurosegur.cat/es/#website","url":"https://eurosegur.cat/es/","name":"Eurosegur","description":"Asessorament inmobiliari personalitzat","potentialAction":[{"@type":"SearchAction","target":{"@type":"EntryPoint","urlTemplate":"https://eurosegur.cat/es/?s={search_term_string}"},"query-input":{"@type":"PropertyValueSpecification","valueRequired":true,"valueName":"search_term_string"}}],"inLanguage":"es"}]}</script>
<!-- / Yoast SEO plugin. -->

¿Qué ocurre si sufro una baja laboral y tengo un seguro para autónomos? - Eurosegur

Si sufres una baja laboral, tu seguro te proporcionará una [...]
